 5*o - 3*o**q - 3*o + o**3 - 2 + 0*o. Give d(3).
4
Suppose -5*g + 0*g = -35. Let d(q) = -g*q**2 - 23*q + 23*q. What is d(-1)?
-7
Suppose -h = 5*d - 15, h + 12 = 4*d - 0*h. Let w be (-2)/8 + (-9)/(-4). Let b(t) = -w + d*t + 2. Calculate b(2).
6
Let l(n) = n**2 + 8*n + 6. Let i(p) = -2*p**2 + 7*p - 4. Let c be i(4). Determine l(c).
6
Let u = -21 - -23. Let w(v) = 2*v**2 - v + 2. Give w(u).
8
Let s be 14 + 1 - (1 + -2). Let v be (4/5)/(4/20). Suppose -v + s = -4*t. Let n(m) = m**2 + m - 3. Calculate n(t).
3
Let p(k) = -k**3 + 6*k**2 + 7*k + 2. Let h be p(7). Let m(g) = g**2 - 3*g + 2. Give m(h).
0
Suppose k - 19 = 4*u, 5*u = -k + 2*k - 24. Let r(a) = a**2 + 5*a + 5. Determine r(u).
5
Suppose 0 = -3*l - 2*l + 15. Let a(s) = -2*s**3 - l*s - 4*s**2 - 6 + 4*s**3 - s**3. Let o(x) = -2*x**3 - 4*x**2 - 3*x - 1. Let i be o(-2). Calculate a(i).
4
Suppose -4*p + 24 + 4 = 0. Let a(s) = s**2 - 5*s + 4. Calculate a(p).
18
Let f = 58 - 55. Let i(x) = x**3 - 5*x + 4. Determine i(f).
16
Let k(g) = g**3 + g**2 + g + 6. Let u = -5 + 7. Suppose o + o - 4*j = 16, -u*j = o + 8. Let i = 0 + o. Give k(i).
6
Let d(q) = -q + 1 + 8 - q**2 + 4*q + 4*q. What is d(9)?
-9
Let q(m) = -2*m + 4. Let b(r) = 2*r**2 + 6*r**2 - r**3 - 4 - 8*r + 9*r. Let d be b(8). Determine q(d).
-4
Suppose -d + 3 = -0. Let k(n) = -1 + n**d - 3*n**3 + n**3. Suppose x = -3*v - 2, -3*v + 2 = 5*x - 0*v. Determine k(x).
-2
Suppose 4 = 2*g - 4. Let z(w) = w**3 + 2 + w + w + 2*w - 5*w**2. Determine z(g).
2
Let s(a) = a**3 - 5*a**2 - 8*a + 2. Let g be s(6). Let c(l) = -l**3 - 11*l**2 - 10*l + 6. Determine c(g).
6
Let s(o) = -o**2 + 4*o. Let j be s(3). Suppose 2*q = j + 1. Let f(m) = -3 - 2 + q + m. Determine f(4).
1
Let x = -18 - -20. Let y(k) = -k**2 - 6*k**3 - k**3 + k + 6*k**3 + 11 + x*k**3. Determine y(0).
11
Let j be ((-1)/(-1))/(1/4). Let a(i) = -168 + 2*i - 4*i + 3*i + 172. Determine a(j).
8
Suppose 0 + 12 = -4*p + 4*t, 0 = -2*t + 6. Let q(b) be the second derivative of 2*b + p - 2*b**2 + b**3 - 1/12*b**4. Determine q(3).
5
Let w(h) = -h**2 - 5*h + 2. Let n = -10 + 12. Let u = -2 - n. Calculate w(u).
6
Let o be 0/((-2 + 8)/(-3)). Suppose -3*j + j = o. Let m(n) = j*n + 2*n + 3 - n. Determine m(5).
8
Let w be 2*(-4 + 3)*-1. Suppose -4*l + w*c = -0*l - 16, -4*c + 8 = 0. Let x(n) = -n + 7. Give x(l).
2
Suppose -2*f + 4*f = 0. Let r(m) = -11*m**2 - 26. Let n(w) = -4*w**2 - 9. Let t(v) = 8*n(v) - 3*r(v). Give t(f).
6
Let k(r) be the third derivative of -r**4/24 + r**3/3 + r**2. Let v(d) = -d + 2. Let i(z) = 4*k(z) - 5*v(z). What is i(3)?
1
Let o(q) = -1. Let t(j) = -1. Let s(h) = h + 2. Let r(d) = s(d) + 3*t(d). Let c(k) = -6*o(k) + 7*r(k). Determine c(1).
6
Let x(m) = -m**3 - 6*m**2 - m - 6. Let g be x(-6). Let l(v) = -6*v - 1. Let k be l(-1). Let c(d) = 4*d**3 + k + 2*d**3 - 5*d**3. Determine c(g).
5
Suppose 2*q + 2*q = 5*m + 7, -q + 5*m - 2 = 0. Let f(g) = -8*g**3 - g**2 - 4*g. Let y(t) = -16*t**3 - 2*t**2 - 9*t. Let p(s) = q*y(s) - 7*f(s). Determine p(-1).
-8
Let g(n) be the third derivative of n**4/24 - 4*n**3/3 + 31*n**2. Determine g(7).
-1
Let i(c) = -3*c + 3. Let d be i(2). Let w = -7 - d. Let p(b) = -b**3 - 3*b**2 + 2*b + 2. What is p(w)?
10
Let j(w) = 2 - 3*w + 0*w + w. Let r(u) = -u - 2. Let k be r(-4). What is j(k)?
-2
Let h be 4/10 - 46/(-10). Let r(n) be the third derivative of 0*n + 2*n**2 + 0*n**4 - 1/120*n**6 + 1/6*n**3 + 0 + 1/12*n**5. Give r(h).
1
Let k be (-11 - -5)*2/(-6). Let w(h) = -4*h**3 + 0*h**3 - 3*h**2 + 2*h + h**3 + 4*h**3. What is w(k)?
0
Let p(s) be the first derivative of s**4/4 - 5*s**3/3 + s**2/2 - 5*s + 1. Let j(x) = -x**3 + x**2 + x + 1. Let f(c) = 2*j(c) + p(c). Determine f(-4).
1
Let y(c) = 9*c**3 - c**2 - 10*c + 23. Let u(i) = 5*i**3 - i**2 - 5*i + 12. Let h(n) = -11*u(n) + 6*y(n). What is h(4)?
2
Let o(r) = 60*r - 116*r + 58*r. Determine o(-1).
-2
Suppose 5*s + 8 - 28 = 0. Suppose -s*h + 3*h = -5. Let x(k) = -k**2 + 2*k**2 + 5 + 0*k - 5*k. Determine x(h).
5
Let i(y) = -2. Let w(z) = -z - 13. Suppose 2*m + 16 = 5*t, -3*m = -2*t - 2*t + 17. Let k(f) = t*w(f) - 10*i(f). What is k(-4)?
2
Let j(b) = b**3 - 6*b**2 + 5*b - 3. Let k be 5/(-4 + (-20)/(-4)). Let o be (10 + k)*2/6. Determine j(o).
-3
Let m(x) = x**3 + 3*x**2 - 5*x + 2. Let p(g) = -2*g + 4. Let v(i) = -i. Let h(n) = 2*p(n) - 2*v(n). Let s be h(6). Calculate m(s).
6
Let s = -8 - -14. Let f(o) = o + 6. What is f(s)?
12
Let n(p) = 7*p - 3. Let z(v) = 6*v - 2. Let a(h) = 5*n(h) - 6*z(h). Suppose 5*m = 7*m - 14. Suppose -4*l = -m*l. Determine a(l).
-3
Let l be (2 - 0) + -3 + 3. Let i be (-1*(-2 + 2))/l. Let s(p) = p - 3 - 1 + 1 + 6. Determine s(i).
3
Let w = 15 - 18. Let n(u) = -2*u**2 - 2*u - 4. Let z(p) = -2*p**2 - 3*p - 4. Let s(l) = -2*n(l) + 3*z(l). Determine s(w).
-7
Let d = -49 + 57. Let l(r) = 1 - 1 + 2*r - 12. Let v be l(d). Let h(t) = 2*t + 3. What is h(v)?
11
Let r(s) = -17*s + 3. Let c(n) = -n + 1. Let q(k) = 3*c(k) - r(k). Calculate q(2).
28
Let n(c) = -c**2 - 4*c + 7. Let w(k) = 3*k**2 + 12*k - 20. Let f(y) = 11*n(y) + 4*w(y). Let x(v) be the first derivative of f(v). Give x(5).
14
Let h be 10/70 - (-13)/7. Let g(p) = 3*p - 3. What is g(h)?
3
Let y(a) = a**3 + 3*a**2 + 3. Let n(g) = -g - 16. Let c be n(-13). Determine y(c).
3
Let u be 10 + 2 - (1 - -1). Let t(j) = -u*j + j + 7*j - 8. Calculate t(-6).
4
Let u be (-3 - 0)/6*4. Let b(j) = -j. Let w be b(u). Let z(c) = -2*c**3 + 3*c**2. Determine z(w).
-4
Let d(g) = -2*g. Let j(k) = -k - 3. Let a be j(-3). Let w be 0 - ((a - -1) + 3). Let v be (-15)/(-3)*w/(-5). Determine d(v).
-8
Let y(h) = h**3 + h**2 - h + 3. Let u be y(0). Let r = 0 - u. Let q(b) = -b**2 - b. Calculate q(r).
-6
Let l(n) = n + 3. Suppose o - 10 = 2*o. Let m = -8 - o. Let z be 3/6 - 1/m. Give l(z).
3
Let h(f) be the first derivative of -f**4/2 + 2*f**3/3 + f**2/2 - f - 1. Let w(l) = 2*l**3 - l**2 - 2*l. Let u be w(-2). Let p = u - -18. Calculate h(p).
-7
Let a = 208 - 201. Let y(k) = -k. Give y(a).
-7
Suppose 3*j + 5*o - 40 = 0, -j + 4*o = -2*j + 25. Suppose -r = 3*l - j, 0 = -2*l - r + 3 - 0. Let f(n) = l*n - 2*n**3 + n - 2*n - n**2. What is f(1)?
-2
Let k(t) be the second derivative of t**5/20 + 7*t**4/12 + 2*t**3/3 - 4*t**2 - 13*t. Give k(-6).
4
Let a be -1 - (11/(-1) - -1). Let r = a - 6. Let b(f) = 2*f**2 - 1 + 3*f - 10*f + 0*f**2 + 3*f. Determine b(r).
5
Let u(h) = -h**3 - 7*h**2 + h + 10. Let z be u(-7). Let g(q) = -1 + 8*q**z + q - 5*q - q**2 + 10*q - 5*q. Determine g(1).
7
Let u(k) = 6*k + 1. Let p(i) = -i**2 + 3*i + 5. Let o be p(4). Determine u(o).
7
Let z be (-4)/(1 + -5) - -1. Let k(h) = 6*h**z - 2*h**2 + 2*h + 0*h**2 - 2. Give k(-2).
10
Let z(i) be the third derivative of i**9/60480 + i**7/5040 - i**6/90 - i**5/60 + 4*i**2. Let j(f) be the third derivative of z(f). Calculate j(0).
-8
Let f(q) = q**2 + 4 + 0*q**2 + 0*q + 7*q. Suppose 0*n - 2*n - 2*m - 16 = 0, 4*m = -2*n - 20. Calculate f(n).
-2
Let i(s) be the third derivative of -s**6/120 + 7*s**5/60 + s**4/3 - 2*s**3/3 - 16*s**2. Suppose -2*o + 15 = -0*o - p, -21 = -3*o + 3*p. Determine i(o).
-4
Let f(l) = l + 1. Let n be f(2). Let k = n + -1. Let u(p) = -p**2 + 30 - 28 - 4*p + 2*p**k. Calculate u(5).
7
Let y = 11 + -4. Let o be (12/y)/((-2)/(-7)). Let v(d) = -d + 4. Calculate v(o).
-2
Let i be (-3)/2*28/21. Let r(l) = l**3 + 6*l**2 + 3*l - 2. Let p(g) = -2*g**3 - 13*g**2 - 6*g + 4. Let n(b) = i*p(b) - 5*r(b). Give n(-4).
14
Suppose 3*a + 2*a + 3*b = -11, 5*a + 7 = -b. Let l(p) = -p - 1. Give l(a).
0
Let n be (-1)/(12/8 + -1). Let u(v) = 2*v + 1. Calculate u(n).
-3
Let d(b) = b**2 + 7*b + 12. Let i be d(-5). Let l(k) be the first derivative of 1/4*k**4 + 2/3*k**3 - k + 1 - 3/2*k**i. Give l(-3).
-1
Let z(c) = 3. Let t(y) = y + 10. Let v(k) = -3*t(k) + 8*z(k). Suppose -3*u - 4 + 17 = 2*o, -o + 24 = 5*u. Let i = -9 + u. Calculate v(i).
6
Suppose -4*y - 24 = 5*n, -5*y = 5*n + 44 - 14. Let b(o) = 3 + 27*o - o**2 - o**3 - 5*o**2 - 26*o. What is b(y)?
-3
Let f(n) = n - 1. Suppose 2*s = -2*s + 16. Suppose 2*a - s - 12 = 4*j, -5*a - j = -18. Suppose a = -v - u + 2*u, -2*v + 4*u = 6. Calculate f(v).
-6
Let b(l) = l - 10. Let n = -6 + 8. Let t(p) = p**3 - 2*p**2 + 2*p + 2. Let u be t(n). Let z = u - 6. Give b(z).
-10
Let j(f) = 3*f**2 + 1. Let w(i) = i + 9. Let t be w(-7). Let m be (-2 - -2 - 0)/t. Let o = m + 1. What is j(o)?
4